t d be (-1)/(-1)*3*1. Suppose 0 = t, -3*r + 40 = -r - d*t. Calculate the greatest common factor of b and r.
4
Suppose -21*y = -16*y + 480. Let p = 177 + y. Calculate the greatest common factor of 9 and p.
9
Let u(m) = -21*m + 42. Let l be u(-10). What is the highest common factor of l and 308?
28
Suppose 4*u = y - 89, 0 = 3*y - 6*y + 5*u + 260. Suppose 5*n - y = 3*k, 3*k + 0*k = 2*n - 25. Calculate the highest common divisor of n and 10.
10
Let o = -2 + 2. Let c be (6/(-2))/((-6)/22 + o). What is the greatest common factor of c and 22?
11
Suppose 82 + 35 = 9*z. Suppose 0*b = -2*b + 104. What is the highest common divisor of b and z?
13
Let l(b) be the second derivative of -b**3/3 + 5*b**2/2 + 3*b. Let v be l(-11). What is the highest common divisor of 27 and v?
27
Let y be (2/(-4))/(7/(-1456)). What is the highest common divisor of 78 and y?
26
Suppose -t + 2*f + 40 = 5*f, 160 = 4*t - 4*f. Let j be (-14)/(-14) + 3*19. Let r = 68 - j. Calculate the highest common divisor of r and t.
10
Suppose -3*w - 23 - 7 = 0. Let z be 4/10 + (-116)/w. Calculate the highest common factor of 3 and z.
3
Suppose 24*w - 8360 + 1808 = 0. What is the highest common divisor of 13 and w?
13
Suppose -4*x = -0*x - 20. Suppose -5*m = -0*m + x*d - 605, 2*d + 262 = 2*m. Let h = 34 - 16. Calculate the greatest common factor of m and h.
18
Suppose -66 = -5*b + 294. Calculate the greatest common divisor of 45 and b.
9
Let k be (3 - 1) + -5 + (-26)/(-2). Calculate the greatest common factor of k and 5.
5
Suppose -2*a = -t + 318, -2*a = -2*t + 741 - 113. Calculate the greatest common factor of t and 10.
10
Suppose -4*k - m + 93 = 2*m, 6 = k - 5*m. Suppose -147 = -2*r + k. What is the greatest common factor of 21 and r?
21
Suppose -8*b + 100 = -3*b. Calculate the greatest common divisor of 16 and b.
4
Suppose -k = -5*j + 8*j - 136, -4*j = -4*k + 512. What is the greatest common factor of 190 and k?
10
Let c(b) = 3*b**2 - 3*b + 4. Let z be c(5). Suppose 3*x - 7*x - z = 0. Let i = 34 + x. What is the greatest common divisor of i and 72?
18
Suppose 11*a - 555 = -203. Calculate the greatest common factor of 1200 and a.
16
Let r(v) = 3*v**2 - 26*v + 2. Let j be r(12). Suppose -5*f - 2*y + 35 = -150, -y = -3*f + j. Calculate the greatest common divisor of f and 13.
13
Suppose -34*s = 81*s - 39330. What is the highest common divisor of 27 and s?
9
Suppose 0 = -16*w + 34*w - 486. What is the highest common divisor of w and 243?
27
Let q be (-6*15/40)/(5/(-880)). What is the greatest common divisor of 12 and q?
12
Let h(m) = -m**2 - 9*m - 11. Let l be (-2)/12*-4 + (-40)/6. Let s be h(l). Calculate the highest common divisor of 35 and s.
7
Suppose j - 3 = 4*m, -5*j = -180*m + 183*m - 61. Calculate the highest common divisor of 440 and j.
11
Let a(w) = 68*w - 306. Let f be a(7). What is the highest common factor of f and 50?
10
Let i = 135 + -59. Suppose x - 3*x = -10. Suppose -o - 4*p - 26 = -i, -4*p - 274 = -x*o. Calculate the highest common factor of o and 6.
6
Let v be ((-2320)/4 + 5)/(-1 + 0). What is the greatest common factor of 25 and v?
25
Let q = 76 - 36. Suppose 0 = 12*r - 8*r - q. Let k be 4/r + 216/10. What is the greatest common divisor of 11 and k?
11
Suppose 0*m = 5*n + 5*m - 40, 3*n + 4*m - 24 = 0. Let a be n*(2/(-1) + 3). Let l = 192 + -136. Calculate the greatest common factor of a and l.
8
Suppose -256 = -3*m + 140. Let l = 7 - -5. Calculate the highest common factor of m and l.
12
Let u = -2750 - -2831. What is the greatest common divisor of u and 351?
27
Suppose 0 = w + 2*w - 6. Suppose -4*c = -w*o - 0*c + 42, 0 = 5*o + 2*c - 105. What is the highest common factor of 28 and o?
7
Let z = 670 - 499. Let x = 15 + 4. Calculate the greatest common factor of z and x.
19
Let u(l) = 5*l**2 + 25*l - 74. Let c be u(-15). Calculate the highest common factor of 104 and c.
52
Let f(d) = d**2 + 6*d - 2. Let w be f(-7). Let x be -6 + 6 - w*-1. Let u = 19 + 36. What is the greatest common factor of x and u?
5
Let s = 33 + 12. Suppose -4*n + f - 266 = 0, 3*f - 353 + 83 = 4*n. Let g be (-400)/(-22) - (-12)/n. Calculate the greatest common factor of g and s.
9
Suppose 4*c + 93 = 5*c. Let w = -5 + -8. Let v = w + c. Calculate the highest common divisor of v and 16.
16
Suppose -o + 15 - 12 = 0. Suppose 125 = 2*v + 3*k + 28, 0 = o*k - 3. What is the highest common divisor of 94 and v?
47
Let b = 2 - -10. Suppose 5*f = -8*t + 4*t - 11, t = 2*f + 7. Let o be 3/5*5 + t. Calculate the highest common factor of o and b.
4
Suppose 2*c = -4*n + 60, -5*n - 24 = -7*n - 4*c. What is the highest common factor of 1 and n?
1
Let z = -74 + 55. Let s(p) = 7*p - 1. Let d be s(-2). Let x = d - z. What is the greatest common divisor of 28 and x?
4
Let b = 878 + -263. What is the greatest common divisor of b and 90?
15
Suppose 0*l - 1295 = -7*l. Suppose 3*u - l = -5*z + 130, 5*z = u + 295. Calculate the highest common divisor of z and 15.
15
Let q(t) = 19*t + 414. Let x be q(-16). Let a(m) = 22*m**2 - m - 1. Let l be a(-1). Calculate the highest common divisor of x and l.
22
Let u be ((-33)/44)/((-21)/308). Let p be (-2)/(-5) + (-326)/(-10). Calculate the greatest common divisor of u and p.
11
Suppose 5*j + t = 106, -4*t + 49 - 175 = -5*j. What is the highest common divisor of j and 55?
11
Suppose -4*c + 74 + 242 = 4*m, 0 = 4*m + 5*c - 321. Let z(w) = 6*w**3 + 3*w**2 - w - 1. Let b be z(3). What is the greatest common factor of m and b?
37
Let p = -1559 + 1614. Calculate the highest common divisor of 2915 and p.
55
Suppose 5*u - 2*u + 69 = 2*f, -2*f - 2*u + 54 = 0. Let l = f - 29. Let t be 23 + (l - -3 - 4). What is the highest common divisor of t and 69?
23
Let v be (-2)/16 + 98567/56. What is the greatest common factor of 96 and v?
32
Suppose 0*b - 3 = -3*b, 1 = 4*n + b. Suppose -5*g - 80 = -13*g. Suppose 2*j = 3*c + 22, -j + c + 0*c + g = n. Calculate the greatest common divisor of 4 and j.
4
Let k(t) = -t**2 + 1. Suppose -4*n = -0 - 4. Let q be k(n). Suppose q = -5*h + 9*h - 320. Calculate the greatest common divisor of h and 10.
10
Suppose -w - 5*u + 69 = 0, 3*w + 4*u - 152 = -0*u. Calculate the highest common divisor of w and 22.
22
Let m be 4/4*10/1. Let g be (4/m)/((-10)/50) - -20. Calculate the highest common divisor of 9 and g.
9
Let b(v) = v**2 - 24*v - 64. Let x be b(27). What is the greatest common divisor of x and 2771?
17
Let y(l) = l**3 + l**2 + 15. Let x(p) = -p**3 - 10*p**2. Let b be x(-10). Let m be y(b). Suppose g - 30 = -2*g. What is the greatest common factor of m and g?
5
Let u be -4 - (-7 - 338)/5. Calculate the greatest common divisor of 5 and u.
5
Let t = -37 - -39. Let z be 1/t*(83 - 3). Calculate the greatest common divisor of 160 and z.
40
Suppose 3*w - 4*h = 184, -2*w + 5*h - h = -128. What is the greatest common factor of 4 and w?
4
Let t(y) = 36*y**3. Let x be t(-1). Let s be 1/4 - -2*241352/(-64). Let k be 1/(-2) + s/x. What is the greatest common divisor of k and 19?
19
Suppose -3*c = -4*x - 343, -15*c + 12*c - 3*x + 357 = 0. What is the greatest common factor of 52 and c?
13
Suppose 0 = -2*z + 5*z - 54. Suppose -5*d - 4*u = 40, 1 + 4 = u. Let i be (-9)/6*16/d. Calculate the greatest common factor of z and i.
2
Let t = 529 - 242. What is the highest common divisor of t and 7?
7
Suppose -4*v - 5 + 17 = 0. Suppose 2*i = 4*s + 24, s - v*s = -2*i + 8. Let m be 4/s*(-2 + -94). Calculate the highest common divisor of 6 and m.
6
Suppose -171*m + 552 = -167*m. Calculate the highest common factor of 184 and m.
46
Let m be ((-21)/15)/(14 - (-1263)/(-90)). Let a(l) = l**2 - 3*l + 2. Let u be a(4). What is the greatest common divisor of u and m?
6
Let n be -28 + 29 + (11 - 1). What is the highest common divisor of n and 550?
11
Suppose -452*z = -449*z - 336. What is the highest common factor of 308 and z?
28
Let y be (88/33)/((-2)/3). Let k(u) = 4*u**2 - 7*u + 4. Let s be k(y). Calculate the greatest common divisor of 24 and s.
24
Suppose -v - 8 = 2*a, 0 = 5*v - a - 1 + 8. Let h be (-1)/3 - 206/(-6). Let c be h/3 - v/(-6). What is the highest common factor of c and 22?
11
Let i be 1930/18 + 1 - (-20)/(-90). What is the highest common factor of i and 36?
36
Let v be 7/(-9 + 17 + -7). What is the greatest common factor of v and 56?
7
Let n(d) = -d**2 - 31*d - 127. Let y be n(-13). Ca